4
What is the ten thousands digit of 153856?
5
What is the hundred thousands digit of 238387?
2
What is the units digit of 689409?
9
What is the ten thousands digit of 336064?
3
What is the ten thousands digit of 986253?
8
What is the millions digit of 2921044?
2
What is the thousands digit of 987803?
7
What is the ten thousands digit of 193821?
9
What is the thousands digit of 1987265?
7
What is the tens digit of 1166478?
7
What is the ten thousands digit of 619940?
1
What is the tens digit of 4213798?
9
What is the ten thousands digit of 675508?
7
What is the hundreds digit of 509187?
1
What is the thousands digit of 2874945?
4
What is the ten thousands digit of 481405?
8
What is the thousands digit of 550750?
0
What is the tens digit of 208895?
9
What is the thousands digit of 52081?
2
What is the tens digit of 23161757?
5
What is the hundreds digit of 22819200?
2
What is the hundreds digit of 608761?
7
What is the tens digit of 617223?
2
What is the hundreds digit of 777159?
1
What is the units digit of 36871?
1
What is the thousands digit of 920261?
0
What is the ten thousands digit of 10466304?
6
What is the tens digit of 2335478?
7
What is the ten thousands digit of 13731863?
3
What is the units digit of 1631619?
9
What is the units digit of 404000?
0
What is the hundreds digit of 20177451?
4
What is the units digit of 4801360?
0
What is the millions digit of 1457849?
1
What is the hundreds digit of 337090?
0
What is the hundreds digit of 1547176?
1
What is the hundreds digit of 45409?
4
What is the tens digit of 3500117?
1
What is the hundred thousands digit of 201936?
2
What is the ten thousands digit of 1205804?
0
What is the thousands digit of 620048?
0
What is the units digit of 741873?
3
What is the thousands digit of 7863108?
3
What is the tens digit of 28580023?
2
What is the thousands digit of 2343521?
3
What is the units digit of 6670553?
3
What is the units digit of 398553?
3
What is the thousands digit of 1363729?
3
What is the tens digit of 207736?
3
What is the hundreds digit of 7193704?
7
What is the units digit of 116926?
6
What is the hundred thousands digit of 343791?
3
What is the tens digit of 216578?
7
What is the thousands digit of 11349501?
9
What is the tens digit of 203660?
6
What is the ten thousands digit of 984865?
8
What is the tens digit of 18652419?
1
What is the units digit of 279765?
5
What is the tens digit of 1289248?
4
What is the tens digit of 57145?
4
What is the ten thousands digit of 111104?
1
What is the tens digit of 2439950?
5
What is the hundreds digit of 72951?
9
What is the hundreds digit of 24994?
9
What is the ten millions digit of 12877787?
1
What is the ten thousands digit of 7594757?
9
What is the hundreds digit of 1013627?
6
What is the thousands digit of 365802?
5
What is the millions digit of 2077582?
2
What is the hundreds digit of 145715?
7
What is the millions digit of 5415769?
5
What is the tens digit of 1505690?
9
What is the millions digit of 5035262?
5
What is the units digit of 535538?
8
What is the tens digit of 290352?
5
What is the hundreds digit of 27986355?
3
What is the hundred thousands digit of 16494848?
4
What is the tens digit of 8580284?
8
What is the hundreds digit of 157994?
9
What is the hundred thousands digit of 315134?
3
What is the units digit of 33914992?
2
What is the millions digit of 10145493?
0
What is the ten thousands digit of 388505?
8
What is the hundreds digit of 9409833?
8
What is the units digit of 1919605?
5
What is the millions digit of 16077970?
6
What is the ten thousands digit of 7541906?
4
What is the units digit of 1100385?
5
What is the thousands digit of 422645?
2
What is the tens digit of 4028835?
3
What is the ten thousands digit of 154453?
5
What is the hundred thousands digit of 283296?
2
What is the thousands digit of 4977904?
7
What is the hundred thousands digit of 1324561?
3
What is the hundreds digit of 154779?
7
What is the units digit of 14134617?
7
What is the hundred thousands digit of 2021811?
0
What is the ten thousands digit of 12699045?
9
What is the thousands digit of 2325375?
5
What is the millions digit of 1876113?
1
What is the thousands digit of 546496?
6
What is the ten thousands digit of 183742?
8
What is the ten thousands digit of 3111353?
1
What is the units digit of 2678535?
5
What is the ten thousands digit of 14051559?
5
What is the ten thousands digit of 315032?
1
What is the ten millions digit of 14060674?
1
What is the hundreds digit of 4235690?
6
What is the thousands digit of 7100785?
0
What is the millions digit of 4593449?
4
What is the tens digit of 29354629?
2
What is the tens digit of 580618?
1
What is the tens digit of 192132?
3
What is the hundred thousands digit of 761961?
7
What is the ten thousands digit of 210338?
1
What is the ten millions digit of 10982413?
1
What is the ten thousands digit of 22828486?
2
What is the tens digit of 1412991?
9
What is the tens digit of 764800?
0
What is the thousands digit of 540171?
0
What is the hundreds digit of 716883?
8
What is the tens digit of 3305425?
2
What is the units digit of 1463600?
0
What is the millions digit of 6040178?
6
What is the millions digit of 1755900?
1
What is the millions digit of 5016662?
5
What is the tens digit of 1496539?
3
What is the thousands digit of 169473?
9
What is the thousands digit of 260614?
0
What is the ten thousands digit of 319461?
1
What is the hundred thousands digit of 157615?
1
What is the hundred thousands digit of 4441735?
4
What is the millions digit of 9440192?
9
What is the units digit of 22169?
9
What is the hundreds digit of 152448?
4
What is the ten thousands digit of 5213723?
1
What is the tens digit of 289007?
0
What is the hundred thousands digit of 9944357?
9
What is the hundreds digit of 147000?
0
What is the hundred thousands digit of 2771152?
7
What is the units digit of 3018198?
8
What is the units digit of 6680629?
9
What is the hundred thousands digit of 274925?
2
What is the tens digit of 811998?
9
What is the millions digit of 1251452?
1
What is the millions digit of 17386120?
7
What is the tens digit of 449384?
8
What is the millions digit of 9226171?
9
What is the units digit of 7987509?
9
What is the hundreds digit of 2306689?
6
What is the hundreds digit of 1111975?
9
What is the millions digit of 9075036?
9
What is the ten thousands digit of 285279?
8
What is the ten thousands digit of 96760?
9
What is the hundreds digit of 1758003?
0
What is the hundred thousands digit of 295459?
2
What is the tens digit of 3491833?
3
What is the tens digit of 723936?
3
What is the ten thousands digit of 30457?
3
What is the ten thousands digit of 342813?
4
What is the units digit of 96975?
5
What is the ten thousands digit of 1664924?
6
What is the hundreds digit of 29621065?
0
What is the ten thousands digit of 7454753?
5
What is the units digit of 3879241?
1
What is the ten thousands digit of 453766?
5
What is the millions digit of 3200382?
3
What is the tens digit of 2783972?
7
What is the hundred thousands digit of 9643939?
6
What is the thousands digit of 244750?
4
What is the units digit of 773537?
7
What is the millions digit of 10715568?
0
What is the hundreds digit of 48709?
7
What is the thousands digit of 465471?
5
What is the ten thousands digit of 4361454?
6
What is the millions digit of 5340202?
5
What is the tens digit of 273832?
3
What is the ten thousands digit of 413977?
1
What is the tens digit of 117304?
0
What is the units digit of 444789?
9
What is the hundred thousands digit of 10010261?
0
What is the millions digit of 23817051?
3
What is the tens digit of 1021345?
4
What is the millions digit of 1360516?
1
What is the hundreds digit of 137893?
8
What is the thousands digit of 928646?
8
What is the thousands digit of 1480063?
0
What is the thousands digit of 630249?
0
What is the ten thousands digit of 2677122?
7
What is the thousands digit of 298922?
8
What is the tens digit of 4778760?
6
What is the hundreds digit of 348777?
7
What is the hundred thousands digit of 945416?
9
What is the tens digit of 537545?
4
What is the units digit of 129462?
2
What is the hundred thousands digit of 992266?
9
What is the units digit of 6344036?
6
What is the units digit of 42630?
0
Wha